{"id":1280,"date":"2023-07-18T18:29:39","date_gmt":"2023-07-18T18:29:39","guid":{"rendered":"http:\/\/calespachs.local.jamgo.org\/?p=1280"},"modified":"2024-07-29T19:24:03","modified_gmt":"2024-07-29T19:24:03","slug":"283-revision-v1","status":"publish","type":"page","link":"https:\/\/www.calespachs.com\/fr\/","title":{"rendered":"Nous innovons pour un monde meilleur"},"content":{"rendered":"\n<p class=\"has-text-align-center has-white-color has-text-color has-medium-font-size\"><\/p>\n\n\n\n<div class=\"wp-block-columns is-layout-flex wp-container-core-columns-is-layout-9d6595d7 wp-block-columns-is-layout-flex\">\n<div class=\"wp-block-column is-layout-flow wp-block-column-is-layout-flow\">\n<figure class=\"wp-block-embed is-type-video is-provider-youtube wp-block-embed-youtube wp-embed-aspect-16-9 wp-has-aspect-ratio\"><div class=\"wp-block-embed__wrapper\">\n<iframe loading=\"lazy\" title=\"Cales de Pachs   Corporativo subsESP\" width=\"640\" height=\"360\" src=\"https:\/\/www.youtube.com\/embed\/XiqhoKYsUfg?feature=oembed\" frameborder=\"0\" allow=\"accelerometer; autoplay; clipboard-write; encrypted-media; gyroscope; picture-in-picture; web-share\" referrerpolicy=\"strict-origin-when-cross-origin\" allowfullscreen><\/iframe>\n<\/div><\/figure>\n<\/div>\n\n\n\n<div class=\"wp-block-column is-layout-flow wp-block-column-is-layout-flow\">\n<p class=\"has-large-font-size\">CALES DE PACHS : VALEURS FAMILIALES, ESPRIT D&rsquo;INNOVATION<\/p>\n\n\n\n<p>Le Groupe Cales de Pachs, fond\u00e9 en 1967, est l&rsquo;entreprise leader en Catalogne dans la fabrication d&rsquo;oxyde de calcium, d&rsquo;hydroxyde de calcium et d&rsquo;oxyde de magn\u00e9sium. Une tradition familiale, depuis plus de 50 ans nous avons bas\u00e9 notre strat\u00e9gie de croissance sur la R+D+i pour donner \u00e0 la chaux des utilisations insolites qui nous permettent d&rsquo;am\u00e9liorer l&rsquo;environnement.\n<\/p>\n\n\n\n<div class=\"wp-block-buttons is-layout-flex wp-block-buttons-is-layout-flex\">\n<div class=\"wp-block-button\"><a class=\"wp-block-button__link has-background wp-element-button\" href=\"https:\/\/www.calespachs.com\/fr\/processus-productif\/\" style=\"border-radius:16px;background-color:#337a6b\">PLUS D&rsquo;INFORMATIONS<\/a><\/div>\n<\/div>\n<\/div>\n<\/div>\n\n\n\n<div class=\"wp-block-columns is-layout-flex wp-container-core-columns-is-layout-9d6595d7 wp-block-columns-is-layout-flex\">\n<div class=\"wp-block-column is-layout-flow wp-block-column-is-layout-flow\">\n<p class=\"has-large-font-size\">DE NOUVELLES UTILISATIONS DE LA CHAUX ET UNE MARQUE EN CROISSANCE CONSTANTE<\/p>\n\n\n\n<p>Nos produits sont utilis\u00e9s dans de nombreux secteurs. La protection de l\u2019environnement, l\u2019alimentation animale ou l\u2019agriculture sont parmi les principaux. Ces derni\u00e8res ann\u00e9es, nous avons \u00e9largi notre pr\u00e9sence sur la plan\u00e8te. Le Groupe Cales de Pachs emploie directement et indirectement une centaine de personnes et vend dans plus de trente pays \u00e0 travers le monde.a trentena de pa\u00efsos d\u2019arreu del m\u00f3n.<\/p>\n\n\n\n<div class=\"wp-block-buttons is-layout-flex wp-block-buttons-is-layout-flex\">\n<div class=\"wp-block-button\"><a class=\"wp-block-button__link has-black-color has-text-color has-background wp-element-button\" href=\"https:\/\/www.calespachs.com\/fr\/produits\/\" style=\"border-radius:16px;background-color:#abd6e7\">PLUS D&rsquo;INFORMATIONS<\/a><\/div>\n<\/div>\n<\/div>\n\n\n\n<div class=\"wp-block-column is-layout-flow wp-block-column-is-layout-flow\">\n<figure class=\"wp-block-image size-full\"><img loading=\"lazy\" decoding=\"async\" width=\"609\" height=\"438\" src=\"http:\/\/calespachs.local.jamgo.org\/wp-content\/uploads\/2023\/07\/Seleccion_157.png\" alt=\"\" class=\"wp-image-109\" srcset=\"https:\/\/www.calespachs.com\/wp-content\/uploads\/2023\/07\/Seleccion_157.png 609w, https:\/\/www.calespachs.com\/wp-content\/uploads\/2023\/07\/Seleccion_157-300x216.png 300w\" sizes=\"auto, (max-width: 609px) 100vw, 609px\" \/><\/figure>\n<\/div>\n<\/div>\n\n\n<div class=\"w-full flex flex-col md:flex-row  items-center justify-center md:space-x-10  py-16 space-y-4 md:space-y-0\" style=\"background-color:#337a6b\"><div class=\"flex flex-col items-center justify-center  space-y-2\" style=\"color:white\"><div id=\"counter_69f5d04e476bf\" class=\"text-4xl md:text-6xl\">0<\/div><div class=\"counter-description\">d'exp\u00e9rience<\/div><\/div><div class=\"flex flex-col items-center justify-center  space-y-2\" style=\"color:white\"><div id=\"counter_69f5d04e476c4\" class=\"text-4xl md:text-6xl\">0<\/div><div class=\"counter-description\"> capacit\u00e9 de production annuelle<\/div><\/div><div class=\"flex flex-col items-center justify-center  space-y-2\" style=\"color:white\"><div id=\"counter_69f5d04e476c5\" class=\"text-4xl md:text-6xl\">0<\/div><div class=\"counter-description\"> o\u00f9 il exporte<\/div><\/div><\/div><script>\n        \/\/ Funci\u00f3n para verificar si un elemento est\u00e1 en la pantalla\n        function isElementInViewport(el) {\n            var rect = el.getBoundingClientRect();\n            return (\n                rect.top >= 0 &&\n                rect.left >= 0 &&\n                rect.bottom <= (window.innerHeight || document.documentElement.clientHeight) &&\n                rect.right <= (window.innerWidth || document.documentElement.clientWidth)\n            );\n        }\n\n        \/\/ Funci\u00f3n para activar el contador cuando est\u00e1 en la pantalla\n        function activateCounterOnScroll(counterId, unit, icon,  targetNumber, duration) {\n            var counterElement = document.getElementById(counterId);\n\n            function startCounter() {\n                var currentNumber = 0;\n                var increment = targetNumber \/ (duration * 1000);\n\n                var interval = setInterval(function() {\n                    if (currentNumber >= targetNumber) {\n                        clearInterval(interval);\n                    } else {\n                        currentNumber += increment;\n                        counterElement.textContent = icon + Math.floor(currentNumber) + \" \" + unit;\n                    }\n                }, 1);\n            }\n\n            window.addEventListener(\"scroll\", function() {\n                if (isElementInViewport(counterElement)) {\n                    startCounter();\n                    \/\/ Eliminar el evento de desplazamiento despu\u00e9s de activar el contador\n                    window.removeEventListener(\"scroll\", arguments.callee);\n                }\n            });\n        }\n\n        window.addEventListener(\"load\", function() {\n            \/\/ Agregar activadores para cada contador\n            activateCounterOnScroll(\"counter_69f5d04e476bf\",\" ANYS\", \"+\", 50, 0.5);activateCounterOnScroll(\"counter_69f5d04e476c4\",\"  KT\", \"+\",  240, 0.5);activateCounterOnScroll(\"counter_69f5d04e476c5\",\"  PA\u00cfSOS\", \"+\",  30, 0.5);});\n    <\/script>\n\n\n\n<div class=\"wp-block-cover is-light mapa-portada has-small-font-size wp-duotone-unset-1\"><span aria-hidden=\"true\" class=\"wp-block-cover__background has-background-dim-0 has-background-dim\"><\/span><img loading=\"lazy\" decoding=\"async\" width=\"1024\" height=\"616\" class=\"wp-block-cover__image-background wp-image-143\" alt=\"\" src=\"http:\/\/calespachs.local.jamgo.org\/wp-content\/uploads\/2023\/07\/mapa-cales-1024x616.png\" data-object-fit=\"cover\" srcset=\"https:\/\/www.calespachs.com\/wp-content\/uploads\/2023\/07\/mapa-cales-1024x616.png 1024w, https:\/\/www.calespachs.com\/wp-content\/uploads\/2023\/07\/mapa-cales-300x181.png 300w, https:\/\/www.calespachs.com\/wp-content\/uploads\/2023\/07\/mapa-cales-768x462.png 768w, https:\/\/www.calespachs.com\/wp-content\/uploads\/2023\/07\/mapa-cales.png 1153w\" sizes=\"auto, (max-width: 1024px) 100vw, 1024px\" \/><div class=\"wp-block-cover__inner-container is-layout-flow wp-block-cover-is-layout-flow\">\n<p class=\"has-text-align-left has-medium-font-size\"><strong>EXPORTATION ET VENTE<\/strong><\/p>\n\n\n\n<p>Actuellement, les produits fabriqu\u00e9s par le Groupe Cales de Pachs sont export\u00e9s dans le monde entier et nous continuons \u00e0 investir dans notre croissance. La destination de la production de l&rsquo;entreprise est tr\u00e8s diversifi\u00e9e. Les principaux clients de Cales de Pachs sont le secteur de la sid\u00e9rurgie, du papier, de l&rsquo;agriculture, des mines et de l&rsquo;environnement.<\/p>\n<\/div><\/div>\n\n\n\n<div class=\"wp-block-columns align-center justify-center has-background is-layout-flex wp-container-core-columns-is-layout-9d6595d7 wp-block-columns-is-layout-flex\" style=\"background-color:#ffffff54\">\n<div class=\"wp-block-column is-layout-flow wp-block-column-is-layout-flow\">\n<p class=\"has-large-font-size\">DES PRODUITS INNOVANTS, LE CACHET DE NOTRE ENTREPRISE<\/p>\n\n\n\n<p>Chez Cales de Pachs, nous investissons une grande partie de ce que nous facturons dans la recherche, ce qui nous a permis de devenir une r\u00e9f\u00e9rence dans le d\u00e9veloppement de produits sur mesure. Depuis des ann\u00e9es, nous collaborons avec des centres de r\u00e9f\u00e9rence en recherche pour r\u00e9aliser des applications diverses et originales de la chaux, en cr\u00e9ant des produits uniques.<\/p>\n<\/div>\n\n\n\n<div class=\"wp-block-column productos-slider-parent is-layout-flow wp-block-column-is-layout-flow\"><div id=\"parent-productos-slider\" class=\"w-full\"><div id=\"productos-slider\" class=\"w-full flexslider\"><ul class=\"slides\"><li><p class=\"flex-caption\">Elaboration de savons calciques pour alimentation animale<\/p><\/li><li><p class=\"flex-caption\">Additif pour le b\u00e9ton \u00e0 r\u00e9traction compens\u00e9<\/p><\/li><li><p class=\"flex-caption\">Production de ciment expansif<\/p><\/li><li><p class=\"flex-caption\">Absorbent d\u2019humidit\u00e9<\/p><\/li><li><p class=\"flex-caption\">Traitement d\u2019eaux r\u00e9siduelles<\/p><\/li><li><p class=\"flex-caption\">Absorbent d\u2019humidit\u00e9<\/p><\/li><li><p class=\"flex-caption\">Traitement d\u2019eaux r\u00e9siduelles<\/p><\/li><li><p class=\"flex-caption\">Production de briques silice-calcaires<\/p><\/li><li><p class=\"flex-caption\">Traitement des fum\u00e9es<\/p><\/li><li><p class=\"flex-caption\">Traitement de boues<\/p><\/li><li><p class=\"flex-caption\">Traitement de boues<\/p><\/li><\/ul><\/div><\/div><script>( function( $ ) {\n        $(window).load(function() {\n            var sliderOptions = {\n                animation: \"slide\",\n                animationLoop: true,\n                itemWidth: 250,\n                minItems: 1,\n                maxItems: 2,\n                itemMargin: 5,\n                move:1,\n            };jQuery('#productos-slider').flexslider(sliderOptions);\n            });\n        }( jQuery ) );\n     <\/script>\n<\/div>\n<\/div>\n\n\n\n<div class=\"wp-block-columns is-layout-flex wp-container-core-columns-is-layout-9d6595d7 wp-block-columns-is-layout-flex\">\n<div class=\"wp-block-column is-layout-flow wp-block-column-is-layout-flow\">\n<figure class=\"wp-block-image size-large\"><img loading=\"lazy\" decoding=\"async\" width=\"1024\" height=\"768\" src=\"http:\/\/calespachs.local.jamgo.org\/wp-content\/uploads\/2023\/07\/img-head-scaled-1-1024x768.jpg\" alt=\"\" class=\"wp-image-522\" srcset=\"https:\/\/www.calespachs.com\/wp-content\/uploads\/2023\/07\/img-head-scaled-1-1024x768.jpg 1024w, https:\/\/www.calespachs.com\/wp-content\/uploads\/2023\/07\/img-head-scaled-1-300x225.jpg 300w, https:\/\/www.calespachs.com\/wp-content\/uploads\/2023\/07\/img-head-scaled-1-768x576.jpg 768w, https:\/\/www.calespachs.com\/wp-content\/uploads\/2023\/07\/img-head-scaled-1-1536x1152.jpg 1536w, https:\/\/www.calespachs.com\/wp-content\/uploads\/2023\/07\/img-head-scaled-1-2048x1536.jpg 2048w\" sizes=\"auto, (max-width: 1024px) 100vw, 1024px\" \/><\/figure>\n<\/div>\n\n\n\n<div class=\"wp-block-column is-layout-flow wp-block-column-is-layout-flow\">\n<p class=\"has-large-font-size\">UNE GRANDE ENTREPRISE, SI\u00c8GE SOCIAL DANS LA P\u00c9NINSULE IB\u00c9RIQUE<\/p>\n\n\n\n<p>Le Groupe Cales de Pachs dispose actuellement de trois carri\u00e8res d&rsquo;extraction, \u00e0 Pacs del Pened\u00e8s, Vilanova et au Portugal, et de trois usines de production, une \u00e0 Pacs del Pened\u00e8s et deux au Portugal. Depuis sa cr\u00e9ation, le groupe s&rsquo;est d\u00e9velopp\u00e9 et comprend des participations dans diff\u00e9rentes entreprises du secteur de la chaux et d&rsquo;autres d\u00e9di\u00e9es \u00e0 des activit\u00e9s compl\u00e9mentaires.<\/p>\n\n\n\n<div class=\"wp-block-buttons is-content-justification-center is-layout-flex wp-container-core-buttons-is-layout-16018d1d wp-block-buttons-is-layout-flex\">\n<div class=\"wp-block-button\"><a class=\"wp-block-button__link has-black-color has-text-color has-background wp-element-button\" href=\"https:\/\/www.calespachs.com\/fr\/siege-social-de-lentreprise\/\" style=\"border-radius:16px;background-color:#ffe279\">PLUS D&rsquo;INFORMATIONS<\/a><\/div>\n<\/div>\n<\/div>\n<\/div>\n","protected":false},"excerpt":{"rendered":"<p>CALES DE PACHS : VALEURS FAMILIALES, ESPRIT D&rsquo;INNOVATION Le Groupe Cales de Pachs, fond\u00e9 en 1967, est l&rsquo;entreprise leader en Catalogne dans la fabrication d&rsquo;oxyde de calcium, d&rsquo;hydroxyde de calcium et d&rsquo;oxyde de magn\u00e9sium. Une tradition familiale, depuis plus de 50 ans nous avons bas\u00e9 notre strat\u00e9gie de croissance sur la R+D+i pour donner \u00e0 [&hellip;]<\/p>\n","protected":false},"author":1,"featured_media":69,"parent":0,"menu_order":0,"comment_status":"closed","ping_status":"closed","template":"template\/homepage.php","meta":{"_acf_changed":false,"footnotes":""},"class_list":["post-1280","page","type-page","status-publish","has-post-thumbnail","hentry"],"acf":[],"_links":{"self":[{"href":"https:\/\/www.calespachs.com\/fr\/wp-json\/wp\/v2\/pages\/1280","targetHints":{"allow":["GET"]}}],"collection":[{"href":"https:\/\/www.calespachs.com\/fr\/wp-json\/wp\/v2\/pages"}],"about":[{"href":"https:\/\/www.calespachs.com\/fr\/wp-json\/wp\/v2\/types\/page"}],"author":[{"embeddable":true,"href":"https:\/\/www.calespachs.com\/fr\/wp-json\/wp\/v2\/users\/1"}],"replies":[{"embeddable":true,"href":"https:\/\/www.calespachs.com\/fr\/wp-json\/wp\/v2\/comments?post=1280"}],"version-history":[{"count":7,"href":"https:\/\/www.calespachs.com\/fr\/wp-json\/wp\/v2\/pages\/1280\/revisions"}],"predecessor-version":[{"id":2056,"href":"https:\/\/www.calespachs.com\/fr\/wp-json\/wp\/v2\/pages\/1280\/revisions\/2056"}],"wp:featuredmedia":[{"embeddable":true,"href":"https:\/\/www.calespachs.com\/fr\/wp-json\/wp\/v2\/media\/69"}],"wp:attachment":[{"href":"https:\/\/www.calespachs.com\/fr\/wp-json\/wp\/v2\/media?parent=1280"}],"curies":[{"name":"wp","href":"https:\/\/api.w.org\/{rel}","templated":true}]}}

<p class="has-text-align-center has-white-color has-text-color has-medium-font-size"></p>



<div class="wp-block-columns is-layout-flex wp-container-core-columns-is-layout-9d6595d7 wp-block-columns-is-layout-flex">
<div class="wp-block-column is-layout-flow wp-block-column-is-layout-flow">
<figure class="wp-block-embed is-type-video is-provider-youtube wp-block-embed-youtube wp-embed-aspect-16-9 wp-has-aspect-ratio"><div class="wp-block-embed__wrapper">
<iframe loading="lazy" title="Cales de Pachs   Corporativo subsESP" width="640" height="360" src="https://www.youtube.com/embed/XiqhoKYsUfg?feature=oembed" frameborder="0" allow="accelerometer; autoplay; clipboard-write; encrypted-media; gyroscope; picture-in-picture; web-share" referrerpolicy="strict-origin-when-cross-origin" allowfullscreen></iframe>
</div></figure>
</div>



<div class="wp-block-column is-layout-flow wp-block-column-is-layout-flow">
<p class="has-large-font-size">CALES DE PACHS : VALEURS FAMILIALES, ESPRIT D&rsquo;INNOVATION</p>



<p>Le Groupe Cales de Pachs, fondé en 1967, est l&rsquo;entreprise leader en Catalogne dans la fabrication d&rsquo;oxyde de calcium, d&rsquo;hydroxyde de calcium et d&rsquo;oxyde de magnésium. Une tradition familiale, depuis plus de 50 ans nous avons basé notre stratégie de croissance sur la R+D+i pour donner à la chaux des utilisations insolites qui nous permettent d&rsquo;améliorer l&rsquo;environnement.
</p>



<div class="wp-block-buttons is-layout-flex wp-block-buttons-is-layout-flex">
<div class="wp-block-button"><a class="wp-block-button__link has-background wp-element-button" href="https://www.calespachs.com/fr/processus-productif/" style="border-radius:16px;background-color:#337a6b">PLUS D&rsquo;INFORMATIONS</a></div>
</div>
</div>
</div>



<div class="wp-block-columns is-layout-flex wp-container-core-columns-is-layout-9d6595d7 wp-block-columns-is-layout-flex">
<div class="wp-block-column is-layout-flow wp-block-column-is-layout-flow">
<p class="has-large-font-size">DE NOUVELLES UTILISATIONS DE LA CHAUX ET UNE MARQUE EN CROISSANCE CONSTANTE</p>



<p>Nos produits sont utilisés dans de nombreux secteurs. La protection de l’environnement, l’alimentation animale ou l’agriculture sont parmi les principaux. Ces dernières années, nous avons élargi notre présence sur la planète. Le Groupe Cales de Pachs emploie directement et indirectement une centaine de personnes et vend dans plus de trente pays à travers le monde.a trentena de països d’arreu del món.</p>



<div class="wp-block-buttons is-layout-flex wp-block-buttons-is-layout-flex">
<div class="wp-block-button"><a class="wp-block-button__link has-black-color has-text-color has-background wp-element-button" href="https://www.calespachs.com/fr/produits/" style="border-radius:16px;background-color:#abd6e7">PLUS D&rsquo;INFORMATIONS</a></div>
</div>
</div>



<div class="wp-block-column is-layout-flow wp-block-column-is-layout-flow">
<figure class="wp-block-image size-full"><img loading="lazy" decoding="async" width="609" height="438" src="http://calespachs.local.jamgo.org/wp-content/uploads/2023/07/Seleccion_157.png" alt="" class="wp-image-109" srcset="https://www.calespachs.com/wp-content/uploads/2023/07/Seleccion_157.png 609w, https://www.calespachs.com/wp-content/uploads/2023/07/Seleccion_157-300x216.png 300w" sizes="auto, (max-width: 609px) 100vw, 609px" /></figure>
</div>
</div>


<div class="w-full flex flex-col md:flex-row  items-center justify-center md:space-x-10  py-16 space-y-4 md:space-y-0" style="background-color:#337a6b"><div class="flex flex-col items-center justify-center  space-y-2" style="color:white"><div id="counter_69f5d04e476bf" class="text-4xl md:text-6xl">0</div><div class="counter-description">d'expérience</div></div><div class="flex flex-col items-center justify-center  space-y-2" style="color:white"><div id="counter_69f5d04e476c4" class="text-4xl md:text-6xl">0</div><div class="counter-description"> capacité de production annuelle</div></div><div class="flex flex-col items-center justify-center  space-y-2" style="color:white"><div id="counter_69f5d04e476c5" class="text-4xl md:text-6xl">0</div><div class="counter-description"> où il exporte</div></div></div><script>
        // Función para verificar si un elemento está en la pantalla
        function isElementInViewport(el) {
            var rect = el.getBoundingClientRect();
            return (
                rect.top >= 0 &&
                rect.left >= 0 &&
                rect.bottom <= (window.innerHeight || document.documentElement.clientHeight) &&
                rect.right <= (window.innerWidth || document.documentElement.clientWidth)
            );
        }

        // Función para activar el contador cuando está en la pantalla
        function activateCounterOnScroll(counterId, unit, icon,  targetNumber, duration) {
            var counterElement = document.getElementById(counterId);

            function startCounter() {
                var currentNumber = 0;
                var increment = targetNumber / (duration * 1000);

                var interval = setInterval(function() {
                    if (currentNumber >= targetNumber) {
                        clearInterval(interval);
                    } else {
                        currentNumber += increment;
                        counterElement.textContent = icon + Math.floor(currentNumber) + " " + unit;
                    }
                }, 1);
            }

            window.addEventListener("scroll", function() {
                if (isElementInViewport(counterElement)) {
                    startCounter();
                    // Eliminar el evento de desplazamiento después de activar el contador
                    window.removeEventListener("scroll", arguments.callee);
                }
            });
        }

        window.addEventListener("load", function() {
            // Agregar activadores para cada contador
            activateCounterOnScroll("counter_69f5d04e476bf"," ANYS", "+", 50, 0.5);activateCounterOnScroll("counter_69f5d04e476c4","  KT", "+",  240, 0.5);activateCounterOnScroll("counter_69f5d04e476c5","  PAÏSOS", "+",  30, 0.5);});
    </script>



<div class="wp-block-cover is-light mapa-portada has-small-font-size wp-duotone-unset-1"><span aria-hidden="true" class="wp-block-cover__background has-background-dim-0 has-background-dim"></span><img loading="lazy" decoding="async" width="1024" height="616" class="wp-block-cover__image-background wp-image-143" alt="" src="http://calespachs.local.jamgo.org/wp-content/uploads/2023/07/mapa-cales-1024x616.png" data-object-fit="cover" srcset="https://www.calespachs.com/wp-content/uploads/2023/07/mapa-cales-1024x616.png 1024w, https://www.calespachs.com/wp-content/uploads/2023/07/mapa-cales-300x181.png 300w, https://www.calespachs.com/wp-content/uploads/2023/07/mapa-cales-768x462.png 768w, https://www.calespachs.com/wp-content/uploads/2023/07/mapa-cales.png 1153w" sizes="auto, (max-width: 1024px) 100vw, 1024px" /><div class="wp-block-cover__inner-container is-layout-flow wp-block-cover-is-layout-flow">
<p class="has-text-align-left has-medium-font-size"><strong>EXPORTATION ET VENTE</strong></p>



<p>Actuellement, les produits fabriqués par le Groupe Cales de Pachs sont exportés dans le monde entier et nous continuons à investir dans notre croissance. La destination de la production de l&rsquo;entreprise est très diversifiée. Les principaux clients de Cales de Pachs sont le secteur de la sidérurgie, du papier, de l&rsquo;agriculture, des mines et de l&rsquo;environnement.</p>
</div></div>



<div class="wp-block-columns align-center justify-center has-background is-layout-flex wp-container-core-columns-is-layout-9d6595d7 wp-block-columns-is-layout-flex" style="background-color:#ffffff54">
<div class="wp-block-column is-layout-flow wp-block-column-is-layout-flow">
<p class="has-large-font-size">DES PRODUITS INNOVANTS, LE CACHET DE NOTRE ENTREPRISE</p>



<p>Chez Cales de Pachs, nous investissons une grande partie de ce que nous facturons dans la recherche, ce qui nous a permis de devenir une référence dans le développement de produits sur mesure. Depuis des années, nous collaborons avec des centres de référence en recherche pour réaliser des applications diverses et originales de la chaux, en créant des produits uniques.</p>
</div>



<div class="wp-block-column productos-slider-parent is-layout-flow wp-block-column-is-layout-flow"><div id="parent-productos-slider" class="w-full"><div id="productos-slider" class="w-full flexslider"><ul class="slides"><li><p class="flex-caption">Elaboration de savons calciques pour alimentation animale</p></li><li><p class="flex-caption">Additif pour le béton à rétraction compensé</p></li><li><p class="flex-caption">Production de ciment expansif</p></li><li><p class="flex-caption">Absorbent d’humidité</p></li><li><p class="flex-caption">Traitement d’eaux résiduelles</p></li><li><p class="flex-caption">Absorbent d’humidité</p></li><li><p class="flex-caption">Traitement d’eaux résiduelles</p></li><li><p class="flex-caption">Production de briques silice-calcaires</p></li><li><p class="flex-caption">Traitement des fumées</p></li><li><p class="flex-caption">Traitement de boues</p></li><li><p class="flex-caption">Traitement de boues</p></li></ul></div></div><script>( function( $ ) {
        $(window).load(function() {
            var sliderOptions = {
                animation: "slide",
                animationLoop: true,
                itemWidth: 250,
                minItems: 1,
                maxItems: 2,
                itemMargin: 5,
                move:1,
            };jQuery('#productos-slider').flexslider(sliderOptions);
            });
        }( jQuery ) );
     </script>
</div>
</div>



<div class="wp-block-columns is-layout-flex wp-container-core-columns-is-layout-9d6595d7 wp-block-columns-is-layout-flex">
<div class="wp-block-column is-layout-flow wp-block-column-is-layout-flow">
<figure class="wp-block-image size-large"><img loading="lazy" decoding="async" width="1024" height="768" src="http://calespachs.local.jamgo.org/wp-content/uploads/2023/07/img-head-scaled-1-1024x768.jpg" alt="" class="wp-image-522" srcset="https://www.calespachs.com/wp-content/uploads/2023/07/img-head-scaled-1-1024x768.jpg 1024w, https://www.calespachs.com/wp-content/uploads/2023/07/img-head-scaled-1-300x225.jpg 300w, https://www.calespachs.com/wp-content/uploads/2023/07/img-head-scaled-1-768x576.jpg 768w, https://www.calespachs.com/wp-content/uploads/2023/07/img-head-scaled-1-1536x1152.jpg 1536w, https://www.calespachs.com/wp-content/uploads/2023/07/img-head-scaled-1-2048x1536.jpg 2048w" sizes="auto, (max-width: 1024px) 100vw, 1024px" /></figure>
</div>



<div class="wp-block-column is-layout-flow wp-block-column-is-layout-flow">
<p class="has-large-font-size">UNE GRANDE ENTREPRISE, SIÈGE SOCIAL DANS LA PÉNINSULE IBÉRIQUE</p>



<p>Le Groupe Cales de Pachs dispose actuellement de trois carrières d&rsquo;extraction, à Pacs del Penedès, Vilanova et au Portugal, et de trois usines de production, une à Pacs del Penedès et deux au Portugal. Depuis sa création, le groupe s&rsquo;est développé et comprend des participations dans différentes entreprises du secteur de la chaux et d&rsquo;autres dédiées à des activités complémentaires.</p>



<div class="wp-block-buttons is-content-justification-center is-layout-flex wp-container-core-buttons-is-layout-16018d1d wp-block-buttons-is-layout-flex">
<div class="wp-block-button"><a class="wp-block-button__link has-black-color has-text-color has-background wp-element-button" href="https://www.calespachs.com/fr/siege-social-de-lentreprise/" style="border-radius:16px;background-color:#ffe279">PLUS D&rsquo;INFORMATIONS</a></div>
</div>
</div>
</div>

<p>CALES DE PACHS : VALEURS FAMILIALES, ESPRIT D&rsquo;INNOVATION Le Groupe Cales de Pachs, fondé en 1967, est l&rsquo;entreprise leader en Catalogne dans la fabrication d&rsquo;oxyde de calcium, d&rsquo;hydroxyde de calcium et d&rsquo;oxyde de magnésium. Une tradition familiale, depuis plus de 50 ans nous avons basé notre stratégie de croissance sur la R+D+i pour donner à [&hellip;]</p>
