{"id":1647,"date":"2023-11-03T16:26:29","date_gmt":"2023-11-03T16:26:29","guid":{"rendered":"http:\/\/calespachs.local.jamgo.org\/sedes-de-la-empresa\/"},"modified":"2023-11-12T16:14:08","modified_gmt":"2023-11-12T16:14:08","slug":"sedes-de-la-empresa","status":"publish","type":"page","link":"https:\/\/www.calespachs.com\/es\/sedes-de-la-empresa\/","title":{"rendered":"Sedes de la empresa"},"content":{"rendered":"<div class=\"wp-block-image\">\n<figure class=\"aligncenter size-large\"><img loading=\"lazy\" decoding=\"async\" width=\"1024\" height=\"531\" src=\"http:\/\/calespachs.local.jamgo.org\/wp-content\/uploads\/2023\/11\/Mapa-Cales-1024x531.jpg\" alt=\"\" class=\"wp-image-1632\" srcset=\"https:\/\/www.calespachs.com\/wp-content\/uploads\/2023\/11\/Mapa-Cales-1024x531.jpg 1024w, https:\/\/www.calespachs.com\/wp-content\/uploads\/2023\/11\/Mapa-Cales-300x155.jpg 300w, https:\/\/www.calespachs.com\/wp-content\/uploads\/2023\/11\/Mapa-Cales-768x398.jpg 768w, https:\/\/www.calespachs.com\/wp-content\/uploads\/2023\/11\/Mapa-Cales-1536x796.jpg 1536w, https:\/\/www.calespachs.com\/wp-content\/uploads\/2023\/11\/Mapa-Cales.jpg 1887w\" sizes=\"auto, (max-width: 1024px) 100vw, 1024px\" \/><\/figure>\n<\/div>\n<div class=\"wp-block-columns is-layout-flex wp-container-core-columns-is-layout-9d6595d7 wp-block-columns-is-layout-flex\">\n<div class=\"wp-block-column is-layout-flow wp-block-column-is-layout-flow\">\n<p>El Grupo Cales de Pachs tiene actualmente tres canteras, dos de ellas ubicadas en Espa\u00f1a y una en Portugal. En Espa\u00f1a, las canteras de Cales de Pachs se ubican en Pacs del Pened\u00e8s (Alt Pened\u00e8s) y en Vilanova y la Geltr\u00fa (Garraf). La de Portugal se ubica en F\u00e1tima.<\/p>\n\n\n\n<p>Buena parte de la producci\u00f3n de Pachs del Pened\u00e8s se fabrica en la sede de Pacs del Pened\u00e8s y en la sede de F\u00e1tima, en Portugal. Microlime es la filial de la empresa en el oeste de la pen\u00edsula ib\u00e9rica.<\/p>\n<\/div>\n<\/div>\n\n<div class=\"wp-block-columns is-layout-flex wp-container-core-columns-is-layout-9d6595d7 wp-block-columns-is-layout-flex\">\n<div class=\"wp-block-column is-layout-flow wp-block-column-is-layout-flow\"><div class=\"wp-block-image\">\n<figure class=\"aligncenter size-full\"><a href=\"https:\/\/www.microlime.pt\/es\/home-es\/\"><img loading=\"lazy\" decoding=\"async\" width=\"463\" height=\"155\" src=\"http:\/\/calespachs.local.jamgo.org\/wp-content\/uploads\/2023\/11\/Microlime.jpg\" alt=\"\" class=\"wp-image-1625\" srcset=\"https:\/\/www.calespachs.com\/wp-content\/uploads\/2023\/11\/Microlime.jpg 463w, https:\/\/www.calespachs.com\/wp-content\/uploads\/2023\/11\/Microlime-300x100.jpg 300w\" sizes=\"auto, (max-width: 463px) 100vw, 463px\" \/><\/a><\/figure>\n<\/div><\/div>\n<\/div>\n","protected":false},"excerpt":{"rendered":"<p>El Grupo Cales de Pachs tiene actualmente tres canteras, dos de ellas ubicadas en Espa\u00f1a y una en Portugal. En Espa\u00f1a, las canteras de Cales de Pachs se ubican en Pacs del Pened\u00e8s (Alt Pened\u00e8s) y en Vilanova y la Geltr\u00fa (Garraf). La de Portugal se ubica en F\u00e1tima. Buena parte de la producci\u00f3n de [&hellip;]<\/p>\n","protected":false},"author":1,"featured_media":860,"parent":0,"menu_order":0,"comment_status":"closed","ping_status":"closed","template":"","meta":{"_acf_changed":false,"footnotes":""},"class_list":["post-1647","page","type-page","status-publish","has-post-thumbnail","hentry"],"acf":[],"_links":{"self":[{"href":"https:\/\/www.calespachs.com\/es\/wp-json\/wp\/v2\/pages\/1647","targetHints":{"allow":["GET"]}}],"collection":[{"href":"https:\/\/www.calespachs.com\/es\/wp-json\/wp\/v2\/pages"}],"about":[{"href":"https:\/\/www.calespachs.com\/es\/wp-json\/wp\/v2\/types\/page"}],"author":[{"embeddable":true,"href":"https:\/\/www.calespachs.com\/es\/wp-json\/wp\/v2\/users\/1"}],"replies":[{"embeddable":true,"href":"https:\/\/www.calespachs.com\/es\/wp-json\/wp\/v2\/comments?post=1647"}],"version-history":[{"count":1,"href":"https:\/\/www.calespachs.com\/es\/wp-json\/wp\/v2\/pages\/1647\/revisions"}],"predecessor-version":[{"id":1648,"href":"https:\/\/www.calespachs.com\/es\/wp-json\/wp\/v2\/pages\/1647\/revisions\/1648"}],"wp:featuredmedia":[{"embeddable":true,"href":"https:\/\/www.calespachs.com\/es\/wp-json\/wp\/v2\/media\/860"}],"wp:attachment":[{"href":"https:\/\/www.calespachs.com\/es\/wp-json\/wp\/v2\/media?parent=1647"}],"curies":[{"name":"wp","href":"https:\/\/api.w.org\/{rel}","templated":true}]}}

<div class="wp-block-image">
<figure class="aligncenter size-large"><img loading="lazy" decoding="async" width="1024" height="531" src="http://calespachs.local.jamgo.org/wp-content/uploads/2023/11/Mapa-Cales-1024x531.jpg" alt="" class="wp-image-1632" srcset="https://www.calespachs.com/wp-content/uploads/2023/11/Mapa-Cales-1024x531.jpg 1024w, https://www.calespachs.com/wp-content/uploads/2023/11/Mapa-Cales-300x155.jpg 300w, https://www.calespachs.com/wp-content/uploads/2023/11/Mapa-Cales-768x398.jpg 768w, https://www.calespachs.com/wp-content/uploads/2023/11/Mapa-Cales-1536x796.jpg 1536w, https://www.calespachs.com/wp-content/uploads/2023/11/Mapa-Cales.jpg 1887w" sizes="auto, (max-width: 1024px) 100vw, 1024px" /></figure>
</div>
<div class="wp-block-columns is-layout-flex wp-container-core-columns-is-layout-9d6595d7 wp-block-columns-is-layout-flex">
<div class="wp-block-column is-layout-flow wp-block-column-is-layout-flow">
<p>El Grupo Cales de Pachs tiene actualmente tres canteras, dos de ellas ubicadas en España y una en Portugal. En España, las canteras de Cales de Pachs se ubican en Pacs del Penedès (Alt Penedès) y en Vilanova y la Geltrú (Garraf). La de Portugal se ubica en Fátima.</p>



<p>Buena parte de la producción de Pachs del Penedès se fabrica en la sede de Pacs del Penedès y en la sede de Fátima, en Portugal. Microlime es la filial de la empresa en el oeste de la penísula ibérica.</p>
</div>
</div>

<div class="wp-block-columns is-layout-flex wp-container-core-columns-is-layout-9d6595d7 wp-block-columns-is-layout-flex">
<div class="wp-block-column is-layout-flow wp-block-column-is-layout-flow"><div class="wp-block-image">
<figure class="aligncenter size-full"><a href="https://www.microlime.pt/es/home-es/"><img loading="lazy" decoding="async" width="463" height="155" src="http://calespachs.local.jamgo.org/wp-content/uploads/2023/11/Microlime.jpg" alt="" class="wp-image-1625" srcset="https://www.calespachs.com/wp-content/uploads/2023/11/Microlime.jpg 463w, https://www.calespachs.com/wp-content/uploads/2023/11/Microlime-300x100.jpg 300w" sizes="auto, (max-width: 463px) 100vw, 463px" /></a></figure>
</div></div>
</div>

<p>El Grupo Cales de Pachs tiene actualmente tres canteras, dos de ellas ubicadas en España y una en Portugal. En España, las canteras de Cales de Pachs se ubican en Pacs del Penedès (Alt Penedès) y en Vilanova y la Geltrú (Garraf). La de Portugal se ubica en Fátima. Buena parte de la producción de [&hellip;]</p>
