{"id":1643,"date":"2023-11-03T16:26:29","date_gmt":"2023-11-03T16:26:29","guid":{"rendered":"http:\/\/calespachs.local.jamgo.org\/company-headquarters\/"},"modified":"2023-11-12T16:11:42","modified_gmt":"2023-11-12T16:11:42","slug":"company-headquarters","status":"publish","type":"page","link":"https:\/\/www.calespachs.com\/en\/company-headquarters\/","title":{"rendered":"Company headquarters"},"content":{"rendered":"<div class=\"wp-block-image\">\n<figure class=\"aligncenter size-large\"><img loading=\"lazy\" decoding=\"async\" width=\"1024\" height=\"531\" src=\"http:\/\/calespachs.local.jamgo.org\/wp-content\/uploads\/2023\/11\/Mapa-Cales-1024x531.jpg\" alt=\"\" class=\"wp-image-1632\" srcset=\"https:\/\/www.calespachs.com\/wp-content\/uploads\/2023\/11\/Mapa-Cales-1024x531.jpg 1024w, https:\/\/www.calespachs.com\/wp-content\/uploads\/2023\/11\/Mapa-Cales-300x155.jpg 300w, https:\/\/www.calespachs.com\/wp-content\/uploads\/2023\/11\/Mapa-Cales-768x398.jpg 768w, https:\/\/www.calespachs.com\/wp-content\/uploads\/2023\/11\/Mapa-Cales-1536x796.jpg 1536w, https:\/\/www.calespachs.com\/wp-content\/uploads\/2023\/11\/Mapa-Cales.jpg 1887w\" sizes=\"auto, (max-width: 1024px) 100vw, 1024px\" \/><\/figure>\n<\/div>\n<div class=\"wp-block-columns is-layout-flex wp-container-core-columns-is-layout-9d6595d7 wp-block-columns-is-layout-flex\">\n<div class=\"wp-block-column is-layout-flow wp-block-column-is-layout-flow\">\n<p>Cales de Pachs Group currently has three quarries, two of which are located in Spain and one in Portugal. In Spain, the Cales de Pachs quarries are located in Pacs del Pened\u00e8s (Alt Pened\u00e8s) and Vilanova i la Geltr\u00fa (Garraf). The one in Portugal is located in F\u00e1tima.<\/p>\n\n\n\n<p>Much of the Pachs del Pened\u00e8s production is manufactured at the Pacs del Pened\u00e8s headquarters and at the F\u00e1tima headquarters in Portugal. Microlime is the company&#8217;s subsidiary in the west of the Iberian Peninsula.<\/p>\n<\/div>\n<\/div>\n\n<div class=\"wp-block-columns is-layout-flex wp-container-core-columns-is-layout-9d6595d7 wp-block-columns-is-layout-flex\">\n<div class=\"wp-block-column is-layout-flow wp-block-column-is-layout-flow\"><div class=\"wp-block-image\">\n<figure class=\"aligncenter size-full\"><a href=\"https:\/\/www.microlime.pt\/es\/home-es\/\"><img loading=\"lazy\" decoding=\"async\" width=\"463\" height=\"155\" src=\"http:\/\/calespachs.local.jamgo.org\/wp-content\/uploads\/2023\/11\/Microlime.jpg\" alt=\"\" class=\"wp-image-1625\" srcset=\"https:\/\/www.calespachs.com\/wp-content\/uploads\/2023\/11\/Microlime.jpg 463w, https:\/\/www.calespachs.com\/wp-content\/uploads\/2023\/11\/Microlime-300x100.jpg 300w\" sizes=\"auto, (max-width: 463px) 100vw, 463px\" \/><\/a><\/figure>\n<\/div><\/div>\n<\/div>\n","protected":false},"excerpt":{"rendered":"<p>Cales de Pachs Group currently has three quarries, two of which are located in Spain and one in Portugal. In Spain, the Cales de Pachs quarries are located in Pacs del Pened\u00e8s (Alt Pened\u00e8s) and Vilanova i la Geltr\u00fa (Garraf). The one in Portugal is located in F\u00e1tima. Much of the Pachs del Pened\u00e8s production [&hellip;]<\/p>\n","protected":false},"author":1,"featured_media":858,"parent":0,"menu_order":0,"comment_status":"closed","ping_status":"closed","template":"","meta":{"_acf_changed":false,"footnotes":""},"class_list":["post-1643","page","type-page","status-publish","has-post-thumbnail","hentry"],"acf":[],"_links":{"self":[{"href":"https:\/\/www.calespachs.com\/en\/wp-json\/wp\/v2\/pages\/1643","targetHints":{"allow":["GET"]}}],"collection":[{"href":"https:\/\/www.calespachs.com\/en\/wp-json\/wp\/v2\/pages"}],"about":[{"href":"https:\/\/www.calespachs.com\/en\/wp-json\/wp\/v2\/types\/page"}],"author":[{"embeddable":true,"href":"https:\/\/www.calespachs.com\/en\/wp-json\/wp\/v2\/users\/1"}],"replies":[{"embeddable":true,"href":"https:\/\/www.calespachs.com\/en\/wp-json\/wp\/v2\/comments?post=1643"}],"version-history":[{"count":1,"href":"https:\/\/www.calespachs.com\/en\/wp-json\/wp\/v2\/pages\/1643\/revisions"}],"predecessor-version":[{"id":1644,"href":"https:\/\/www.calespachs.com\/en\/wp-json\/wp\/v2\/pages\/1643\/revisions\/1644"}],"wp:featuredmedia":[{"embeddable":true,"href":"https:\/\/www.calespachs.com\/en\/wp-json\/wp\/v2\/media\/858"}],"wp:attachment":[{"href":"https:\/\/www.calespachs.com\/en\/wp-json\/wp\/v2\/media?parent=1643"}],"curies":[{"name":"wp","href":"https:\/\/api.w.org\/{rel}","templated":true}]}}

<div class="wp-block-image">
<figure class="aligncenter size-large"><img loading="lazy" decoding="async" width="1024" height="531" src="http://calespachs.local.jamgo.org/wp-content/uploads/2023/11/Mapa-Cales-1024x531.jpg" alt="" class="wp-image-1632" srcset="https://www.calespachs.com/wp-content/uploads/2023/11/Mapa-Cales-1024x531.jpg 1024w, https://www.calespachs.com/wp-content/uploads/2023/11/Mapa-Cales-300x155.jpg 300w, https://www.calespachs.com/wp-content/uploads/2023/11/Mapa-Cales-768x398.jpg 768w, https://www.calespachs.com/wp-content/uploads/2023/11/Mapa-Cales-1536x796.jpg 1536w, https://www.calespachs.com/wp-content/uploads/2023/11/Mapa-Cales.jpg 1887w" sizes="auto, (max-width: 1024px) 100vw, 1024px" /></figure>
</div>
<div class="wp-block-columns is-layout-flex wp-container-core-columns-is-layout-9d6595d7 wp-block-columns-is-layout-flex">
<div class="wp-block-column is-layout-flow wp-block-column-is-layout-flow">
<p>Cales de Pachs Group currently has three quarries, two of which are located in Spain and one in Portugal. In Spain, the Cales de Pachs quarries are located in Pacs del Penedès (Alt Penedès) and Vilanova i la Geltrú (Garraf). The one in Portugal is located in Fátima.</p>



<p>Much of the Pachs del Penedès production is manufactured at the Pacs del Penedès headquarters and at the Fátima headquarters in Portugal. Microlime is the company&#8217;s subsidiary in the west of the Iberian Peninsula.</p>
</div>
</div>

<div class="wp-block-columns is-layout-flex wp-container-core-columns-is-layout-9d6595d7 wp-block-columns-is-layout-flex">
<div class="wp-block-column is-layout-flow wp-block-column-is-layout-flow"><div class="wp-block-image">
<figure class="aligncenter size-full"><a href="https://www.microlime.pt/es/home-es/"><img loading="lazy" decoding="async" width="463" height="155" src="http://calespachs.local.jamgo.org/wp-content/uploads/2023/11/Microlime.jpg" alt="" class="wp-image-1625" srcset="https://www.calespachs.com/wp-content/uploads/2023/11/Microlime.jpg 463w, https://www.calespachs.com/wp-content/uploads/2023/11/Microlime-300x100.jpg 300w" sizes="auto, (max-width: 463px) 100vw, 463px" /></a></figure>
</div></div>
</div>

<p>Cales de Pachs Group currently has three quarries, two of which are located in Spain and one in Portugal. In Spain, the Cales de Pachs quarries are located in Pacs del Penedès (Alt Penedès) and Vilanova i la Geltrú (Garraf). The one in Portugal is located in Fátima. Much of the Pachs del Penedès production [&hellip;]</p>
